d by 58.
54
Calculate the remainder when 4446 is divided by 32.
30
Calculate the remainder when 170 is divided by 73.
24
Calculate the remainder when 312 is divided by 112.
88
Calculate the remainder when 3595 is divided by 1796.
3
What is the remainder when 7472 is divided by 202?
200
What is the remainder when 687 is divided by 24?
15
What is the remainder when 2033 is divided by 18?
17
What is the remainder when 383 is divided by 128?
127
Calculate the remainder when 436 is divided by 144.
4
What is the remainder when 1769 is divided by 564?
77
Calculate the remainder when 574 is divided by 82.
0
Calculate the remainder when 8868 is divided by 29.
23
Calculate the remainder when 1181 is divided by 238.
229
What is the remainder when 220 is divided by 58?
46
What is the remainder when 147 is divided by 55?
37
Calculate the remainder when 403 is divided by 111.
70
Calculate the remainder when 2021 is divided by 167.
17
What is the remainder when 7451 is divided by 162?
161
Calculate the remainder when 60 is divided by 13.
8
Calculate the remainder when 98 is divided by 25.
23
What is the remainder when 289 is divided by 7?
2
What is the remainder when 846 is divided by 119?
13
Calculate the remainder when 243 is divided by 32.
19
What is the remainder when 13895 is divided by 18?
17
What is the remainder when 2518 is divided by 20?
18
Calculate the remainder when 83 is divided by 33.
17
What is the remainder when 240 is divided by 8?
0
What is the remainder when 189 is divided by 18?
9
What is the remainder when 75 is divided by 8?
3
What is the remainder when 467 is divided by 94?
91
What is the remainder when 194 is divided by 49?
47
Calculate the remainder when 8492 is divided by 36.
32
What is the remainder when 39 is divided by 30?
9
What is the remainder when 301 is divided by 45?
31
What is the remainder when 68950 is divided by 156?
154
Calculate the remainder when 329 is divided by 82.
1
What is the remainder when 408 is divided by 325?
83
What is the remainder when 602 is divided by 19?
13
Calculate the remainder when 204 is divided by 21.
15
What is the remainder when 51 is divided by 22?
7
Calculate the remainder when 167 is divided by 41.
3
Calculate the remainder when 7478 is divided by 187.
185
Calculate the remainder when 7307 is divided by 1824.
11
Calculate the remainder when 1704 is divided by 53.
8
What is the remainder when 210 is divided by 27?
21
Calculate the remainder when 338 is divided by 88.
74
What is the remainder when 853 is divided by 276?
25
Calculate the remainder when 141 is divided by 25.
16
Calculate the remainder when 104 is divided by 12.
8
Calculate the remainder when 27119 is divided by 48.
47
What is the remainder when 234 is divided by 20?
14
Calculate the remainder when 185 is divided by 64.
57
What is the remainder when 38 is divided by 20?
18
What is the remainder when 33 is divided by 13?
7
Calculate the remainder when 71 is divided by 23.
2
Calculate the remainder when 1815 is divided by 28.
23
Calculate the remainder when 863 is divided by 48.
47
What is the remainder when 457 is divided by 10?
7
What is the remainder when 155 is divided by 44?
23
What is the remainder when 251 is divided by 15?
11
What is the remainder when 8205 is divided by 48?
45
What is the remainder when 17017 is divided by 10?
7
Calculate the remainder when 29310 is divided by 14.
8
Calculate the remainder when 25 is divided by 10.
5
Calculate the remainder when 515 is divided by 513.
2
Calculate the remainder when 424 is divided by 121.
61
What is the remainder when 26 is divided by 12?
2
Calculate the remainder when 209 is divided by 46.
25
Calculate the remainder when 3020 is divided by 14.
10
Calculate the remainder when 53 is divided by 8.
5
Calculate the remainder when 17 is divided by 11.
6
What is the remainder when 4323 is divided by 25?
23
What is the remainder when 1755 is divided by 16?
11
What is the remainder when 16062 is divided by 16?
14
What is the remainder when 8459 is divided by 235?
234
Calculate the remainder when 409 is divided by 4.
1
Calculate the remainder when 238 is divided by 124.
114
What is the remainder when 251 is divided by 80?
11
Calculate the remainder when 178 is divided by 9.
7
Calculate the remainder when 2469 is divided by 13.
12
What is the remainder when 1313 is divided by 47?
44
What is the remainder when 1050 is divided by 67?
45
What is the remainder when 537 is divided by 21?
12
Calculate the remainder when 394 is divided by 77.
9
What is the remainder when 1450 is divided by 717?
16
Calculate the remainder when 1295 is divided by 322.
7
What is the remainder when 168 is divided by 154?
14
What is the remainder when 6090 is divided by 196?
14
What is the remainder when 679 is divided by 36?
31
Calculate the remainder when 285 is divided by 34.
13
Calculate the remainder when 7677 is divided by 16.
13
Calculate the remainder when 42 is divided by 17.
8
Calculate the remainder when 445 is divided by 76.
65
Calculate the remainder when 390 is divided by 49.
47
Calculate the remainder when 238 is divided by 62.
52
What is the remainder when 286 is divided by 41?
40
What is the remainder when 906 is divided by 154?
136
Calculate the remainder when 1211 is divided by 299.
15
What is the remainder when 12374 is divided by 104?
102
Calculate the remainder when 2855 is divided by 13.
8
What is the remainder when 418 is divided by 84?
82
What is the remainder when 2098 is divided by 696?
10
Calculate the remainder when 40 is divided by 29.
11
Calculate the remainder when 272 is divided by 101.
70
Calculate the remainder when 9237 is divided by 20.
17
Calculate the remainder when 136 is divided by 45.
1
Calculate the remainder when 1074 is divided by 49.
45
What is the remainder when 2203 is divided by 38?
37
What is the remainder when 328 is divided by 30?
28
Calculate the remainder when 5223 is divided by 6.
3
What is the remainder when 147 is divided by 71?
5
What is the remainder when 51 is divided by 2?
1
Calculate the remainder when 1288 is divided by 17.
13
Calculate the remainder when 104 is divided by 36.
32
Calculate the remainder when 186 is divided by 5.
1
What is the remainder when 4348 is divided by 68?
64
Calculate the remainder when 737 is divided by 185.
182
What is the remainder when 312 is divided by 137?
38
What is the remainder when 1709 is divided by 33?
26
What is the remainder when 1563 is divided by 196?
191
Calculate the remainder when 1148 is divided by 284.
12
What is the remainder when 1393 is divided by 117?
106
What is the remainder when 151 is divided by 129?
22
What is the remainder when 131 is divided by 48?
35
Calculate the remainder when 25542 is divided by 131.
128
Calculate the remainder when 33 is divided by 20.
13
What is the remainder when 1898 is divided by 58?
42
Calculate the remainder when 68 is divided by 25.
18
What is the remainder when 508 is divided by 18?
4
What is the remainder when 6239 is divided by 329?
317
What is the remainder when 34 is divided by 29?
5
What is the remainder when 1677 is divided by 128?
13
What is the remainder when 859 is divided by 46?
31
What is the remainder when 92 is divided by 37?
18
Calculate the remainder when 68 is divided by 35.
33
What is the remainder when 44 is divided by 16?
12
What is the remainder when 209 is divided by 72?
65
What is the remainder when 2793 is divided by 32?
9
What is the remainder when 1302 is divided by 116?
26
What is the remainder when 2233 is divided by 140?
133
Calculate the remainder when 331 is divided by 56.
51
Calculate the remainder when 192 is divided by 177.
15
What is the remainder when 1173 is divided by 31?
26
What is the remainder when 3251 is divided by 538?
23
Calculate the remainder when 175 is divided by 59.
57
Calculate the remainder when 3711 is divided by 79.
77
Calculate the remainder when 1935 is divided by 121.
120
What is the remainder when 249 is divided by 9?
6
What is the remainder when 208 is divided by 201?
7
What is the remainder when 4496 is divided by 25?
21
Calculate the remainder when 977 is divided by 20.
17
What is the remainder when 111 is divided by 38?
35
What is the remainder when 359 is divided by 65?
34
Calculate the remainder 